1 - (204 + -138 - 58).
3
What is the value of 12 + 0 + (-54 - (-4 - 72))?
34
Evaluate -134 + (165 - 67) + 97.
61
What is the value of 67 - (4 - -9 - ((14 - 27) + 13))?
54
What is the value of -14 - (-9 + 2 - (13 + -22 - 2))?
-18
What is the value of 22 + (-67 - -40) + 59?
54
What is (3 - 15) + 14 + -4 + 12?
10
Calculate 94 - (39 + 44) - -103.
114
Calculate -1980 - -1923 - (2 - 4 - 2 - -8).
-61
What is the value of 15 + -54 + (-16 - -32)?
-23
Evaluate -91 + 94 + -8 + -1 - (-49 - -51).
-8
Evaluate -1644 + 1622 + 4 + 48.
30
Calculate (94 + -69 - 137) + 50.
-62
What is -140 + 99 - (-2 + 15)?
-54
What is 60 - (-48 - 9 - -101)?
16
Evaluate -11 + (6 + (10 - 0) + -20 - 9) - 5.
-29
282 + 39 + -178 - 9
134
-56 - ((-146 - -182) + (-66 - -2))
-28
What is (29 - -34) + -47 - (3 - -12)?
1
Calculate 36 - 37 - ((7 - -1) + (-15 - -4) + 24).
-22
What is (1 + 0 - -52) + (-28 - -59) + -33 + -6?
45
Evaluate -38 - -99 - 110 - -37.
-12
Calculate 76 + -126 + 58 + (-43 - 1).
-36
Evaluate 18 + (64 - (-5 - -26 - -5)).
56
4 - ((12 - (-30 - -6)) + -3 + 15)
-44
What is ((2 - 15) + 63 + -47 - 9) + 92?
86
What is the value of -8 + (31 - -1) + -2 + 5 + 322 + -315?
34
Evaluate -21 + -4 + 44 + (25 - 44).
0
What is (2 + -6 - 9) + (51 - (10 - 13 - -15))?
26
34 + -1 - 40 - (-5 - 12)
10
Calculate 13 - (-9 + 24 + (13 - 17)).
2
Evaluate -53 + (66 - 33) + 29.
9
What is -16 + (14 - -1) + -1490 + 1503?
12
Calculate -21 - (-2 + (21 - (-14 - -23))).
-31
Evaluate -2 - 42 - (-12 + -3 + 27) - (3 - 9).
-50
-1 + -95 - (-136 + 93)
-53
Evaluate (-4 + 1 + -11 - 2) + (1709 - 1757).
-64
What is (1 - 15) + 19 + (5 - 12) + 7?
5
What is the value of (1 - 66) + (-16124 - -16213)?
24
91 + (115 - 27 - 169)
10
What is -1 - -55 - (4462 + -4424)?
16
Evaluate (24 - 41) + 21 + 36 + -19.
21
Evaluate -4 + (-35 + (4 - -21) - ((4 - 5) + 51)).
-64
Evaluate (-98 - 13) + -312 + 313.
-110
What is the value of -69 - -77 - (-2 - (0 - 7)) - -1?
4
What is 10 + (-44 - -38 - (-10 - -5))?
9
Evaluate -70 - (-55 - 135 - -55).
65
(-39 - (-137 - -111)) + (-2 - 1 - -1 - -17)
2
Evaluate -8 + 3 + 31 + -53 + 39 - 52.
-40
What is -1 + 10 - (19 + -38 + (-9 - (16 - 84)))?
-31
Calculate -22 - (1 + (-46 - -36)).
-13
What is -24 - -19 - -65 - (3 - -20)?
37
What is (-95 - (-54 + 39)) + 52?
-28
What is 147 + -326 + 240 - (10 - 1)?
52
What is the value of -61 + 25 + 36 - (30 - -1)?
-31
What is the value of -115 - 5 - (11 + -26 + (-32 - -25))?
-98
What is (9 - (6 - -7)) + (-15 - (-10 - -6) - 11)?
-26
What is -5 + 0 + (-2 - -6) + 12 + -9 + -24?
-22
What is 78 - (-5 + 1 - (45 + -89 - -35))?
73
Evaluate 95 + -287 - -115 - (-4 - -1).
-74
What is -4 + 1 - (55 - 17 - (-83 + 121))?
-3
-14 + 0 + (38 - 4 - 42)
-22
-6 + -14 + (-8 - -21) + -24
-31
8 - (0 + (13 + 22 - -7))
-34
116 + -72 - (10 + -7)
41
What is the value of 5 + 3 + -52 + -39 - (-8 + 3 + -5)?
-73
(-63 + 66 - 27) + 5 + 3
-16
What is 18 + -64 + 6 + 17?
-23
Evaluate (-2 - 24) + (24 + 14 - 59).
-47
Evaluate -27 + (1 + 23 - 7) + -2 + 7 + -10.
-15
What is the value of 49 + (-30 + 12 - -47) + -19?
59
3 + (-5 - -3) + (307 - 284)
24
What is the value of (7 - (-6 - -13)) + (-31 - (-30 + 23))?
-24
Evaluate (195 - (79 - -36)) + -3.
77
Calculate (-13 - 1) + -2 - ((10 - -11) + -171 + 0).
134
Evaluate (-70 - 16) + 1 - (-81 - -56).
-60
Calculate 15 + 3 + -24 + (36 - -2).
32
55 - ((-42 + 97 - 20) + -34)
54
Evaluate (0 - 10) + -11 + 4 - -22.
5
What is the value of (-19 - (-19 - 34)) + -1 - -34?
67
Evaluate 16 + -15 + 11 + -32 + -58.
-78
What is (-2 - -7) + 3 - (-283 - -202)?
89
What is -63 + (59 - (-59 - -124))?
-69
What is (144 + -61 - 53) + (45 - 8)?
67
Calculate -40 + 52 + -30 + 148.
130
Calculate (-46 + 5 + (5 + -14 - -3) - -3) + -6.
-50
-13 + -6 + -16 + 29 + -12 + -18
-36
Calculate -98 + 114 + -4 - (55 + 0).
-43
What is 25 - (-24 + 71 + -24 + 15)?
-13
What is the value of -38 + -29 + 80 - (2 + 0 + (-69 - 3))?
83
Evaluate (-32 + 55 + -30 - 16) + 73.
50
Evaluate -23 - ((-36 - 14) + 8) - (-2 + 31).
-10
503 + -507 - (43 + 0)
-47
Calculate (-6 - ((4 - -9) + -25 + -7)) + -47.
-34
89 - (58 - 33) - (3 + (2 - -5))
54
What is the value of 1 + 2 - (-1 + 13 + -1 + -5232 + 5225)?
-1
Evaluate 12 - (-37 - -84 - 53).
18
What is the value of -89 - (140 + 16 + -268)?
23
Evaluate (76 - 87) + 58 + 2 + -2 - -10.
57
What is the value of -103 + 104 + 7 + (-28 - -13)?
-7
What is (-158 - -18) + 88 + 105?
53
Calculate 5 - -5 - (-9 + 2) - 83.
-66
What is the value of (195 - 162) + -77 + 9?
-35
Calculate 12 + -20 + 0 + 29 + -22.
-1
Evaluate -174 + -137 + 142 - -132.
-37
What is -1 - (6 - -2) - -1 - (-47 + -207 + 240)?
6
Calculate 34 - (10 + 22) - -8 - (-2 + -2).
14
Calculate -43 - ((2 - 1 - -13) + -17).
-40
Calculate 62 + ((89 - 96) + (7 - 2) + -5 - -11).
66
Calculate 102 + (74 - (168 - -47)).
-39
What is the value of (1 - -5) + -2 + (-39 + 18 - -16)?
-1
What is the value of -12 - ((-5 - -16) + -3 - (4 + (49 - 11)))?
22
Evaluate (11 - (5 + 23)) + 60 + -14.
29
-46 + 79 + 17 + -55
-5
-71 - 0 - (-5911 + 5776)
64
-52 - 9 - (-39 - -24)
-46
What is -3 + (35 - ((-24 - -43) + 36))?
-23
Calculate (61 - 57) + -2 + (9 - 64 - -5).
-48
-6 + -32 + 4 - (-14 + 22 + 6)
-48
Calculate 13 - (14 + (-47 - (-9 + -7 + 5))).
35
(81 - (86 + -9)) + (-2 - -1 - 10)
-7
Calculate -21 - (13 + -2 - (-40 + 58) - -3 - 2).
-15
What is 16 + (-1 - 0) - ((122 - 225) + 122)?
-4
Evaluate (253 - 173) + (-36 - -41).
85
Evaluate -6 + (-1 - -19) + -46 + 8 + -2.
-28
Calculate -70 - (-152 + (110 - 7)).
-21
What is the value of (122 - (28 + -48)) + -22 - 32?
88
Evaluate 44 + -7 - (0 + 2 + -22).
57
Calculate (5889 - 5819) + (-52 - -1).
19
Calculate 0 + 1 - (-78 + 85) - (-3 + 20 + 0).
-23
Evaluate -2 + 45 + -80 + 58.
21
-53 - (-77 - (-19 + -26))
-21
Calculate 425 + -365 - (2 + -10).
68
What is 19 - ((-63 - 4) + 91)?
-5
What is -1 + 15 + -29 + 3 + (-19 - 1)?
-32
-11 + (117 - (103 - -57))
-54
What is the value of 35 + (-10 - (-14 + 2) - 19)?
18
What is 98 + -69 + 6 - 8?
27
What is 33 + 2 + -37 + 40 - (163 + -171)?
46
What is (-1 - -8 - (4 + 18 + -9)) + 64 + 2?
60
Calculate -23 - 14 - (95 + -125).
-7
Calculate 0 + 35 - (3 + 4 + (332 - 345)).
41
What is 1 - ((-2 - 5) + 5) - -36 - -7?
46
What is the value of (52 - 65) + -22 - -48 - (1 + 24)?
-12
Evaluate 8 + (-2 + 5 - 24 - -93).
80
Evaluate 8 - (65 + -74 + (-17 - -5)).
29
Evaluate (-93 - (-122 - -26)) + -92.
-89
Evaluate -53 - (31 + (-154 - -66)).
4
What is the value of 23 + -8 + 10 + 41 - (2 + -25)?
89
What is (-152 + -59 - -28) + 101?
-82
11388 - 11584 - (-97 - -1)
-100
Evaluate (15 + -20 - -18) + 7 + (-9 - (3 - 6)).
14
-8 - (-27 + -6 - 5 - (-20 - -17))
27
Calculate -22 + (4 - -27 - (226 - 191)).
-26
Evaluate -122 + 112 + (-1 + 0 - -55) - -14.
58
What is the value of -8 + 13 + -2 + (0 - 8) + -41?
-46
What is (-1 - 32) + 1 - (-43 - (-11 - (7 - -25)))?
-32
What is the value of 60 - ((0 - (-9 + 3)) + (-24 + 6 - -20))?
52
What is the value of ((13 - -1) + -33 - 13) + 2 + (-10 - -2)?
-38
What is the value of -10 + -1 + 2 - (-48 - (53 + -77 - 10))?
5
(-3 - -1) + -1 + -288 + 77 + 199 + -11
-26
What is -89 + -28 + (29 - -7) - -9?
-72
What is the value of 2 + -8 - (-1056 - -1043)?
7
What is the value of (-3 + 0 - 33) + 2?
-34
Calculate (-29 - -26) + -24 - (3 + -51).
21
Calculate 6201 - 6152 - (-1 + (-2 - -10) - (-3 - -5)).
44
Calculate (-47 - (-20 + -7)) + 45 + -90.
-65
(203 - 205) + 2 + (2 - 1) + 28
29
Calculate 8 + -1 + (13 - (9 + 5 + -9)) - -54.
69
What is -30 - ((10 - 13 - 89) + -10)?
72
1 - 9 - (-119 - -97 - (2 - 23)) - -33
26
Evaluate (-5 - (3 + -1 + -3)) + -22 + 3 + -5.
-28
Evaluate (311 + -321 - (-3 + -1)) + (7 - -1).
2
What is 69 - ((14 - -7) + -16 - -1)?
63
Evaluate -2 - 0 - 1 - (77 - 79) - 39.
-40
Calculate 32 - (27 - (-20 + 4)).
-11
Calculate 6 + (-8 - 3) + -67 + (29 - -22).
-21
-1 - (-16 + 28 + -5 + -15)
7
What is the value of 6 + (-1 + 5 - ((-14 - -26 - -49) + -4))?
-47
What is 652 + -646 + (-2 + -5 - -4)?
3
Calculate -3 + 2 + 14 + (-768 - -714) + 4.
-37
Calculate 7 + (-2 - (0 - -14)) - 33.
-42
What is (-27 - (-18 + 6)) + 27 + (20 - 23)?
9
What is 170 - (-29 + (156 - -10))?
33
Calculate 13 + (6 - (28 - 14)) - 38.
-33
Calculate (-15 - -15) + 4 + -4 + (38 - (0 - 2)).
40
14 - (48 - (35 - -17))
18
What is the value of (2 - 10) + (15 - (17 - (-15 - -33))) + -2?
6
Evaluate 29 + 14 - -14 - 69.
-12
What is (1 - -8) + (220 - 218 - 